3 and i?
11
Suppose -36 = -0*d - 3*d. Let x be (-80)/d*(-42)/4. Suppose -178 = -2*t - x. What is the highest common divisor of t and 9?
9
Let j = 4 - 0. Suppose j*q = -2*u + 12 + 6, -3*u = 3*q - 9. Suppose -4*d + 78 = 5*a + q, -57 = -4*a - 3*d. Calculate the greatest common divisor of 84 and a.
12
Let c be 55/44 - (5/4 + -1). Let x(u) = 25*u + 1. Let m be x(c). Calculate the highest common divisor of m and 26.
26
Let r(x) = 2 + 0*x + 2*x + 0 + 11*x**2 + x. Let w be r(-1). Let y(b) = -7*b - 2. Let f be y(-6). What is the highest common factor of w and f?
10
Let w = -15 - -26. Let j = 17 + -22. Let p = w + j. What is the highest common factor of 18 and p?
6
Suppose -4*a - 2*w + 24 = 0, 11*w - 13*w = a. Let j = 0 - -1. Calculate the greatest common divisor of a and j.
1
Let l = -198 - -199. Calculate the highest common divisor of 5 and l.
1
Suppose q - 2*s - 139 = 0, 4*q = -2*s + 330 + 196. Let v = q - -11. What is the highest common factor of v and 16?
16
Suppose 4*j - 1 - 31 = z, 24 = 3*j - 5*z. What is the greatest common factor of j and 56?
8
Let d be 1 - (-7)/((-14)/8). Let c be 10/d + 2/(-3). Let i be ((-2)/c)/(4/176). What is the highest common factor of i and 176?
22
Suppose -5*n + n = -200. Suppose 3*f - 59 = y, 5*f + 0*f + 4*y = 104. Calculate the greatest common divisor of f and n.
10
Let m(h) = -1 + 4*h**2 - 10*h**2 + 18*h**2 - 3*h - 7. Let q be m(3). What is the greatest common divisor of q and 7?
7
Suppose 17*s + 4*s = 126. Suppose 0 = 2*f - 0 - 4. Suppose f*m - 4*m + s = 0. What is the highest common factor of m and 9?
3
Suppose 66*d = 59*d + 560. Calculate the highest common factor of d and 60.
20
Let i = 415 + -391. Let x(f) = -4*f**2 - 2*f + 3*f**2 + 8 + f - 2. Let q be x(0). Calculate the greatest common factor of i and q.
6
Let p(o) = -o**3 - 14*o**2 - 11*o + 31. Let h be p(-13). Let i = 2 + h. What is the highest common divisor of 63 and i?
7
Let r(z) = 264*z + 83. Let k be r(4). What is the highest common divisor of k and 67?
67
Let a be 20/10*(3 + -2 + 0). Suppose 6*u = -a*u + 248. What is the greatest common factor of 93 and u?
31
Let r(m) = -m**2 - 18*m - 45. Suppose 6*x = -38 - 16. Let q be r(x). What is the greatest common divisor of q and 60?
12
Let m = 1281 + -1254. Calculate the highest common factor of m and 297.
27
Suppose -b + 0*o - 4*o = -15, -2*b + 55 = 3*o. Suppose 4*j - b = 61. Let a = j - 14. Calculate the greatest common factor of 40 and a.
10
Let o(m) = -2*m**3 - m**2 - m. Let h be o(-1). Let n = -1105 - -1113. What is the greatest common factor of h and n?
2
Let w(u) = -36*u + 30. Let b be w(-4). Suppose 7*z - b - 99 = 0. What is the greatest common factor of z and 195?
39
Let f = 459 - 433. What is the highest common divisor of 234 and f?
26
Suppose 1064*s - 63 = 1057*s. What is the highest common divisor of s and 93?
3
Let o(r) = -r**2 - r + 5. Let d be o(0). Let x = -3 + 4. Let w be -5*d*(-2 + x). What is the highest common factor of w and 10?
5
Let s = -9 + 4. Suppose 2*v - v = -x + 6, 0 = -5*x + v + 36. Let g = x - s. What is the greatest common divisor of 4 and g?
4
Let m be 15264/90 + 9/(-15). What is the greatest common factor of 39 and m?
13
Let o(q) = -q**2 - 9*q + 13. Let l be o(-5). Calculate the highest common divisor of l and 143.
11
Suppose 5*q - 134 - 1 = 0. Let k = q + -29. Let v be 7*-1*k/14. Calculate the highest common factor of v and 8.
1
Let o be (0/2)/(6/6). Suppose o = -3*d + n - 3*n + 42, 4*d - 3*n - 39 = 0. Let u = d + -2. Calculate the greatest common factor of u and 10.
10
Let a be (4 + 15/(-3))/(1/(-13)). Suppose 19*x = a*x + 1440. What is the highest common divisor of 24 and x?
24
Let g(b) = b + 1. Let z be 4/40*-4*-5. Suppose 3*r + 2*k = -3 + z, 2*r + k - 1 = 0. Let n be g(r). Calculate the highest common factor of n and 8.
4
Suppose -3*u = -w - 1, -4*w + 5*w + 5*u = 23. What is the greatest common factor of w and 6?
2
Suppose -7*i = -226 + 163. Let z be -2 - -3 - 1*-8. Calculate the highest common factor of z and i.
9
Suppose 6*o - 13*o + 1568 = 0. Calculate the greatest common factor of o and 32.
32
Suppose -22*w - 29 = -491. What is the highest common factor of w and 84?
21
Suppose 0 = 5*g + 20, 0 = -2*o + 2*g - 0*g + 82. Suppose -o*j - 350 = -42*j. Calculate the greatest common divisor of j and 28.
14
Let r(i) = -i - 8. Let u be r(-9). Let l be (-15555)/(-2295) - (-2)/9. Calculate the greatest common divisor of u and l.
1
Suppose 3*n - 305 = -2*f, 79*n + 466 = 3*f + 75*n. Calculate the highest common divisor of f and 88.
22
Suppose -2*n = -2*r + 18, 2*n + 4 = r - 0*n. Let x = r + -13. Calculate the highest common divisor of 11 and x.
1
Let k = 50 + -39. Let n be (k + -9)/(4/38). What is the greatest common factor of n and 19?
19
Let z = 1056 + -1045. What is the highest common divisor of 1826 and z?
11
Suppose -2*d - d + 3*o + 45 = 0, 3*o - 21 = -3*d. Let c = d - 11. Let x be 0 + c - (-6 - 1). What is the highest common factor of 28 and x?
7
Suppose 2*f - 4 = 3*f, -4*f - 5 = h. Let p = 267 + -190. What is the highest common factor of h and p?
11
Suppose o - 3*o = -408. Let c(y) = y + 7. Let k be c(-3). Let r be (39/(-9) + k)*-102. What is the greatest common factor of o and r?
34
Suppose -2*u - 3*u - 120 = 0. Let n be u/4*(-57)/18. What is the highest common divisor of 114 and n?
19
Let s(p) = -6*p. Let z be s(-9). Let a = -14 + z. Suppose 2*t + 5*q - a = 0, -4*t + 53 + 27 = q. What is the greatest common divisor of 80 and t?
20
Let u(r) = 91*r + 2. Let b be u(2). Let t = 5173 - 5150. What is the greatest common factor of t and b?
23
Suppose 0 = -5*a - 2*s + 72, 5*a - 5*s = -0*s + 100. Suppose -a*h + 28 = -12*h. Calculate the greatest common factor of 35 and h.
7
Let p = 2075 + -770. Calculate the highest common divisor of p and 18.
9
Suppose 0 = -4*t + o + 2 + 5, -6 = 2*o. Let a = 337 + -328. What is the highest common divisor of a and t?
1
Suppose -2*j - 4*t = -337 - 269, -j + 301 = 4*t. Calculate the highest common divisor of 61 and j.
61
Let z be 6/4*(-4)/(-6). Suppose 3*j = -2*s + 19, j + 2*s - z = 4*j. Let d = -589 - -610. Calculate the greatest common factor of j and d.
3
Let r be 6*(-4)/(-8)*6. Suppose 5*s - r = 7. Suppose -s*f + 35 = -20. Calculate the greatest common factor of f and 11.
11
Let d be ((-4)/6)/((-6)/81). Suppose d*f = 4*f + 140. Let z be (2/3 + 0)*63. Calculate the greatest common divisor of z and f.
14
Suppose -5*p - 51 = -3*q + 326, 0 = p - 4*q + 89. Let w = -4 - p. What is the greatest common factor of 23 and w?
23
Let p(g) = -g + 1. Let f be p(-1). Let m be (-6)/4*-1*f. Let v(o) = 2*o**3 - 18*o**2 + 40*o - 9. Let u be v(6). What is the highest common divisor of u and m?
3
Suppose 0 = -h + 5. Suppose -3*p = 4*w - 3, 3*p + 0*w - 6 = -3*w. Suppose x + 80 = p*x. Calculate the greatest common divisor of x and h.
5
Suppose 4*q + 5*w - 69 = 0, 4*q - 34 = 3*w - w. What is the greatest common divisor of q and 11?
11
Suppose -2*l - l + 15 = 0. Suppose -1 = -l*q + 14. Suppose -s - 7 = -3*j, 1 = 4*s - 7. What is the highest common divisor of j and q?
3
Let y = 326 - 296. What is the greatest common divisor of 510 and y?
30
Suppose 7436 = -249*a + 262*a. What is the greatest common factor of a and 220?
44
Suppose -3*f + 41 = -5*z, -4*z + z - 19 = -f. Calculate the highest common factor of f and 49.
7
Suppose -2*s + 197 + 695 = 0. Suppose -4*y + 1398 = 5*l, 2*l - 6*l + 1104 = -4*y. Let u = s - l. Calculate the greatest common factor of 21 and u.
21
Suppose 0 = 25*r - 27*r + 162. What is the highest common factor of r and 3?
3
Let h be 12 + 2 + (-20)/(-5). Calculate the highest common divisor of 24 and h.
6
Let s be 403/(-13) - 0/(-2). Let t = s + 39. Calculate the highest common factor of 24 and t.
8
Let u(s) = 4*s - 3. Let n be u(6). Let g = 543 + -354. What is the greatest common divisor of n and g?
21
Let k(z) = 17*z**2 + 4*z - 7. Let m be k(-4). Suppose m + 39 = 4*t. Let w be (-4)/(-6) - (-50)/6. Calculate the highest common divisor of w and t.
9
Let i = -7 + 12. Suppose -7 = -4*b + i. Suppose b*u + 0*u = 18. Calculate the greatest common factor of u and 42.
6
Let u be -22*(3/(-2) - -2). Let g be (u + 14)/(2/6). Suppose 4*v + 442 = -0*q + 5*q, -3*q = 5*v - 280. Calculate the greatest common divisor of q and g.
9
Let x(c) = -c**2 + 4*c - 3. Let w be 